he third derivative of -7/6*p**3 + 0*p - 2*p**2 + 0 + 1/24*p**4. Determine z(y).
-7
Let p be 20/6 + (-3)/9. Suppose -5*d - 5*v + 35 = 0, -4*v + 14 = -p*d - 0*d. Suppose -k + d*k = -5. Let x(w) = -w**3 - 5*w**2 + 5. What is x(k)?
5
Let j = 3 + -1. Let v(n) = 4 - n**2 + 7*n + j - 9. What is v(5)?
7
Let x(z) = z**3 + 4*z**2 + 2*z + 6. Let s(k) = k**3 - 8*k**2 + 6*k + 9. Let b be s(7). Suppose 6 + 2 = -b*p. Calculate x(p).
-2
Let x(s) = 3*s**2 - 2*s - 1. Let l = 86 - 88. Determine x(l).
15
Let i(y) = 1. Let v(h) = 2*h + 1. Let u(l) = -3*i(l) + v(l). Suppose 5*f + 31 = 2*m - 5*m, -f - 15 = 5*m. Determine u(m).
-6
Let c(o) = o**3 + 3*o**2 - 2*o + 2. Let q(d) = -d**3 - 8*d**2 - 2*d - 10. Let y be q(-8). Let r be (-18)/y + -1*1. Calculate c(r).
-6
Let m(q) = 2*q**3 - 2*q**2 - 2*q + 2. Let v be m(2). Let p(f) = -2*f - 2. Calculate p(v).
-14
Let u(k) be the second derivative of k**5/20 - 5*k**4/12 + k**3/3 + 3*k**2/2 - 12*k. Determine u(5).
13
Let b(m) = 5*m - 6. Let f(h) = -4*h + 5. Let q(s) = -3*b(s) - 4*f(s). Calculate q(-4).
-6
Let d(l) = -l**2 + l + 2. Let a(s) = s**3 + 8*s**2 - 9*s - 2. Let k be a(-9). Determine d(k).
-4
Let s(x) be the first derivative of -x**2/2 + 2*x - 5. Give s(3).
-1
Let z be -4 + (5 + -4)*-1. Let d(n) = n**2 + 4*n - 4. Determine d(z).
1
Let x(u) = u**2 + 4*u - 4. Let m(s) = -s**3 + 5*s**2 + 7*s - 6. Let j be m(6). Let n = j + -4. Give x(n).
-4
Suppose -25 = -2*z - 3*z. Suppose z*t - 15 = 5*u, -2*t - 4*u = u - 20. Let v(d) = -d**3 + 6*d**2 - 6*d + 4. Give v(t).
-1
Let k(n) = 3*n - 2 + 1 - 2*n. Let w = 9 - 11. Let o(c) = -3*c - 7. Let h(q) = w*k(q) - o(q). Calculate h(-5).
4
Let w(f) be the third derivative of -f**7/420 + f**6/90 - f**5/40 - f**3/3 - 3*f**2. Let i(o) be the first derivative of w(o). Calculate i(2).
-6
Let z(w) = -w - 5. Let s(v) = v + 7. Let t be s(-4). Suppose -b = t*b + 16. Calculate z(b).
-1
Suppose -2*q + 3 = 9. Let d(v) = -v**2 - 2*v + 1. What is d(q)?
-2
Let d(q) = 156 - 151 + 2*q + 0*q. Determine d(-5).
-5
Let s be (4/(-3))/((-2)/15). Suppose -5*c + 3*c + s = 0. Suppose -o - 4 = -c*o. Let u(v) = -11*v**2 + v. Calculate u(o).
-10
Let h(o) be the first derivative of o**5/60 - o**4/8 + o**3/2 - 3*o**2/2 - 1. Let g(l) be the second derivative of h(l). Let p = 8 - 5. Calculate g(p).
3
Let b(r) = -3*r + 1. Let t(p) be the first derivative of -p**2/2 - 6*p - 1. Let g(z) = -1. Let n(y) = 6*g(y) - t(y). Let m(i) = b(i) + 2*n(i). Give m(-4).
5
Let w(y) = y**3 + 2. Suppose -g = 2*g - 9. Suppose 6 = -3*t - 2*c, -g = -t - c + 2*c. Calculate w(t).
2
Let w(n) be the first derivative of -n**3/3 + 3*n**2/2 - 3. Let o(y) = -3*y - 3. Let p be o(-2). Calculate w(p).
0
Let x(z) = 2*z - 5*z**2 + 0 + 2*z**2 + z**3 + 2. Let y be 26/10 - (-4)/10. Give x(y).
8
Let v(g) = -1 - 2 + 0*g + g + 4. What is v(0)?
1
Let b(q) = 7*q - 11. Let x(t) = 8*t - 12. Let s(z) = 7*b(z) - 6*x(z). Calculate s(3).
-2
Let s = -5 + 10. Let n(m) = 6*m - s*m + 5*m. Suppose 0 = -4*l + 5*z + 9, 0*l - 2*z = 3*l - 1. Calculate n(l).
6
Let n(w) be the first derivative of 3*w**2/2 - 3*w + 1. Let q be 6 - (4 + 0 - 1). What is n(q)?
6
Let k = 3 - -5. Let b be ((-2)/(-8))/(1/k). Let x(m) = 1 + 2*m**b - m**2 - 2*m**2 + m - 2*m. Determine x(0).
1
Let i(r) be the third derivative of -r**4/12 + 7*r**3/6 + 24*r**2. Suppose s - 9 = -4. Determine i(s).
-3
Suppose -2*r - 24 = -5*r. Let m(a) = a - r + 8. Determine m(-3).
-3
Suppose 0 = -3*c - 3*c + 12. Let b be 3*1*(-1 + c). Let q(z) = -z**2 - z + 4. What is q(b)?
-8
Let q be 4 + 2/(1*2). Suppose -13 + 1 = -4*c. Let n(z) = -8*z**3 - 3*z**3 + 6*z - 4 + 10*z**c + 4*z**2. Calculate n(q).
1
Suppose 8*s - 9 = 7*s. Let h(x) = 5*x**2 - 5*x - 12. Let a(r) = -r**2 + r + 3. Let d(f) = s*a(f) + 2*h(f). Determine d(0).
3
Suppose -18 = -5*t - 8. Let d(i) be the second derivative of -i**3 + 0 + 7/2*i**2 + 1/12*i**4 + t*i. What is d(5)?
2
Let s = 10 - 14. Let k(g) = -g**3. Suppose -5*p = -12*p - 7. Let a(d) = 5*d**3 + 5*d**2 + 5*d + 4. Let t(w) = p*a(w) + s*k(w). Calculate t(-4).
0
Let o(x) = x**2 - 5*x + 1. Let d(t) = -t**3 + t**2 + t + 3. Let u = -3 - -3. Let c be d(u). Suppose 4*b = 2*j + 4, 3*b - 2 = c*j - 5. Determine o(j).
-3
Let h(u) = 8*u**3 + u + 1. Suppose 2*c + 0 - 16 = 0. Let l(q) = q**3 - 9*q**2 + 9*q - 3. Let p be l(c). Let j be 1/(-2 + p + -4). Determine h(j).
-8
Let v(x) = -5*x**2 + x - 6. Let h(g) = g + 15. Let o be h(-8). Let w(k) = 6*k**2 - 2*k + 7. Let p(m) = o*v(m) + 6*w(m). Let c = 13 + -8. What is p(c)?
0
Let f(z) = 5*z - 2*z - 4*z - 3*z + 1. What is f(-1)?
5
Suppose 2 = -2*p + 4. Let f(b) be the second derivative of b**6/144 + b**5/120 - b**4/12 + b. Let l(j) be the third derivative of f(j). Calculate l(p).
6
Suppose 2*y + 3*y - 25 = 0. Let k(t) = 4*t**2 - 10*t + 11. Let c(z) = 5*z**2 - 11*z + 12. Let v(w) = y*c(w) - 6*k(w). Suppose -a - 10 = a. What is v(a)?
-6
Let v(f) = f - 8. Suppose 14*w + 10 - 94 = 0. Give v(w).
-2
Suppose -3*z + 8*z = 0. Let g(s) = -s**2 + 1 - 4*s - s + z*s**2. Calculate g(-4).
5
Let g(h) = 2*h**3 + 2*h**2 - 4*h - 1. Let n(u) = u**3 - u**2 + 1. Let s(y) = g(y) - 3*n(y). Suppose -18 = 2*p - 50. Suppose -4*q + p = -0*q. What is s(q)?
-4
Let a(y) = y**2 - y + 7. Let f(h) be the first derivative of -h**3/3 - 5*h**2/2 + 3. Let n be f(-5). Determine a(n).
7
Let q = 36/19 + -70/57. Let t(m) be the second derivative of -1/4*m**4 - 4*m - 5/2*m**2 + q*m**3 + 0 - 1/20*m**5. Calculate t(-4).
-5
Let m = -5 + 8. Let l(z) = -z - 1. Let n(i) = 2. Let p = 9 - 11. Let s(u) = p*l(u) - n(u). Give s(m).
6
Let g(l) = -l + 3. Let z = 13 - 5. Determine g(z).
-5
Let b = -63 + 68. Let g(c) = -c + 7. Determine g(b).
2
Let c = 5 + -1. Let j(b) = 1 + 0 + c*b - 2*b - 2. Determine j(-1).
-3
Let b(t) = -8*t**2 + 8*t**2 + 5*t**2 + t**2 - 1. Calculate b(1).
5
Suppose -5*t + 2*j + 88 = 0, -t + j + 20 = -0*j. Suppose 2*w = -t + 8. Let d(p) = -p**2 - 4*p + 1. What is d(w)?
1
Suppose k - u - 3 = 0, 5*k = -0*u - u + 9. Let i(b) be the first derivative of -b**3/3 + b**2 - 3*b + 23. Determine i(k).
-3
Let b(t) = -t**2 + 7*t - 9. Suppose 2*i = 10, 4*k = 4*i + 1 + 3. Determine b(k).
-3
Let p(t) = t**3 + 1. Let j(m) = 2*m**3 - 9*m**2 - 8*m. Let y(x) = j(x) - 3*p(x). Determine y(-8).
-3
Let t(x) = x - 10. Let p(w) = -5*w**2 - 4 - 4*w - w**2 + w + 7*w**2. Let r be p(4). What is t(r)?
-10
Let h be 10/6 - 5/(-15). Let f(a) = a - 5*a - 4*a**2 + 0*a + 5*a**h. Give f(5).
5
Suppose 4*y - 5*d = 30, 3*y + 9*d - 40 = 4*d. Let w = -7 + y. Let l(o) = -3*o. Determine l(w).
-9
Let x(c) = -c**3 - 2*c**2 - 2. Suppose -3*d - 10 = 2. Let o be 5/2*d/(-5). Let f be (-1 - o)/(3/2). Determine x(f).
-2
Let i(q) = -93*q**2 - 1 - q**3 + 0 + 98*q**2 - q. Calculate i(3).
14
Let g(s) = s**2 + 12*s + 4. Let h(u) = u**3 + u**2 - 2*u + 3. Let d be h(-3). Give g(d).
-23
Let o(t) be the third derivative of -t**4/8 - 2*t**3/3 + 19*t**2. Determine o(-3).
5
Let d(o) be the first derivative of -o**4/4 + 2*o**3 - 8*o - 4. Suppose 0 = -2*r - 4*r + 36. Determine d(r).
-8
Suppose -15 = 2*t + 3. Let p be 38/(-9) + (-2)/t. Let f(b) = b - 1. Determine f(p).
-5
Let x(q) = 3*q - 1. Let h(m) = 3*m - 1. Let y(z) = -4*h(z) + 3*x(z). Determine y(-2).
7
Let g(k) = -28*k**3 - 6*k**2 - 7*k - 10. Let m(h) = 13*h**3 + 3*h**2 + 3*h + 5. Let z(v) = -6*g(v) - 13*m(v). What is z(-4)?
-1
Let s = 12 - 14. Let f(y) = 4*y + 3. Give f(s).
-5
Let u(j) = 7*j + 2 - 4*j - 6 - 4*j. Suppose 3*o - 57 = 3. Let b be (o/8)/((-2)/4). Give u(b).
1
Let u be (3/3)/((-1)/(-3)). Let p(a) = 2 + 3*a**3 + a**2 - 4*a**2 + 2*a - 2*a**3. Determine p(u).
8
Let m(s) = -s - 5. Suppose -5*n + 10 = -10. Suppose u = n*u + 3. Let d be (-1)/(-3)*u*9. What is m(d)?
-2
Let w(r) = r**2 - 6*r + 4. Let h(j) = -j**2 + 10*j + 44. Let x be h(13). Determine w(x).
-1
Let z = 15 - 16. Let j(c) = c + 2. What is j(z)?
1
Suppose -d - 2*w + 0*w = 2, 3*w - 18 = -5*d. Let u(c) = -6*c**2 + d*c - 3 - 3*c**2 - 3*c**2 + 11*c**2. What is u(6)?
-3
Let z(b) be the second derivative of b**8/6720 - b**7/504 - b**6/720 + b**5/40 - b**4/12 - b. Let i(p) be the third derivative of z(p). Give i(5).
-2
Let j(t) = -t**2 + 8*t + 4. Let o(w) = -5*w - 46. Let l be o(-10). Calculate j(l).
20
Let a(t) be the second derivative of t**3/6 + 5*t**2 - 13*t. Determine a(-8).
2
Let a(u) = -u + 1. Suppose 0 = z + 2*s + 9, -3*s - 3 - 3 = 0. Calculate a(z).
6
Suppose